9.
1
What is the greatest common factor of 29931 and 15279?
33
What is the highest common factor of 736958 and 942?
314
Calculate the greatest common factor of 109810 and 834.
278
What is the greatest common divisor of 1224 and 13056?
408
What is the greatest common divisor of 79784 and 80?
8
Calculate the greatest common factor of 2090 and 8550.
190
Calculate the greatest common divisor of 572618 and 382.
382
Calculate the highest common divisor of 22547 and 182.
7
Calculate the greatest common divisor of 69 and 417.
3
What is the highest common divisor of 3131 and 1717?
101
What is the highest common divisor of 379116 and 144?
36
What is the highest common factor of 77812 and 392?
196
Calculate the greatest common divisor of 29622690 and 745.
745
Calculate the greatest common divisor of 95487 and 21.
21
What is the greatest common divisor of 6273 and 74103?
51
What is the greatest common factor of 746 and 58?
2
What is the highest common divisor of 660 and 10200?
60
What is the highest common divisor of 40 and 184680?
40
Calculate the greatest common divisor of 829736 and 136.
136
What is the highest common factor of 290453 and 589?
19
What is the highest common divisor of 345963 and 3?
3
Calculate the highest common factor of 54 and 201987.
27
Calculate the greatest common divisor of 11876 and 1.
1
What is the highest common divisor of 358759 and 232?
29
What is the greatest common factor of 10681 and 858?
11
What is the highest common factor of 14064 and 72?
24
What is the highest common factor of 1188 and 29862?
54
Calculate the highest common factor of 42392 and 32.
8
Calculate the greatest common divisor of 744 and 184698.
186
Calculate the greatest common factor of 613397 and 47.
47
Calculate the greatest common divisor of 156 and 12636.
156
Calculate the greatest common factor of 683470 and 2050.
410
Calculate the greatest common factor of 18648 and 72.
72
What is the greatest common factor of 428342 and 488?
122
What is the highest common factor of 121680 and 50?
10
What is the highest common factor of 27160 and 3492?
388
Calculate the highest common factor of 2806 and 13542.
122
What is the greatest common factor of 29724 and 24?
12
What is the greatest common factor of 1815 and 464277?
363
What is the highest common factor of 590 and 17230?
10
What is the highest common factor of 39579 and 1896?
237
Calculate the greatest common factor of 10 and 5802670.
10
What is the highest common divisor of 279558 and 7254?
558
What is the greatest common factor of 2114 and 106002?
302
What is the highest common factor of 13708 and 368?
92
What is the highest common factor of 31495 and 1865?
5
What is the greatest common divisor of 108 and 315621?
9
Calculate the highest common divisor of 441 and 30919.
49
What is the highest common factor of 57 and 127167?
57
What is the highest common factor of 42 and 190638?
42
What is the greatest common divisor of 107 and 279?
1
Calculate the greatest common divisor of 85329 and 9.
9
Calculate the greatest common divisor of 351 and 244179.
117
What is the greatest common divisor of 14571 and 279?
9
What is the highest common factor of 46551 and 81243?
177
What is the highest common divisor of 359155 and 2725?
545
Calculate the greatest common factor of 176453 and 2109.
703
Calculate the highest common divisor of 165 and 10054.
11
What is the greatest common divisor of 2170 and 430?
10
Calculate the greatest common factor of 422519 and 283.
283
Calculate the greatest common divisor of 232 and 15528.
8
What is the highest common divisor of 528 and 12288?
48
What is the highest common factor of 32 and 55944?
8
What is the highest common factor of 7 and 5039?
1
What is the highest common divisor of 123606 and 378?
378
What is the greatest common factor of 36 and 370134?
18
What is the highest common divisor of 387 and 1779297?
129
What is the greatest common factor of 224 and 25248?
32
Calculate the greatest common divisor of 85 and 8653.
17
What is the highest common factor of 456 and 82536?
456
Calculate the highest common factor of 744931 and 964.
241
What is the greatest common divisor of 117240 and 1360?
40
What is the greatest common divisor of 9312 and 4224?
96
What is the highest common divisor of 12 and 149781?
3
Calculate the highest common divisor of 87 and 1640559.
87
What is the highest common factor of 86933 and 22?
11
Calculate the greatest common factor of 58192 and 80.
16
What is the highest common factor of 82455 and 2070?
345
Calculate the highest common divisor of 6642 and 259776.
738
Calculate the greatest common divisor of 15447 and 228.
57
Calculate the highest common factor of 60138 and 65.
13
What is the highest common divisor of 18843 and 55?
11
Calculate the greatest common divisor of 218 and 214.
2
Calculate the greatest common divisor of 2065 and 560.
35
Calculate the highest common divisor of 90 and 6510.
30
What is the highest common factor of 171 and 573?
3
What is the greatest common factor of 120 and 20580?
60
Calculate the greatest common divisor of 40 and 294256.
8
Calculate the greatest common factor of 2516 and 296.
148
Calculate the greatest common divisor of 246737 and 126070.
1801
What is the highest common factor of 86400 and 855?
45
What is the greatest common factor of 581 and 10209?
83
Calculate the greatest common divisor of 6064 and 104.
8
What is the highest common factor of 2198 and 6184073?
1099
Calculate the greatest common factor of 1083 and 294937.
361
What is the greatest common factor of 6634 and 62?
62
Calculate the greatest common divisor of 4249 and 196.
7
What is the greatest common factor of 17952 and 11154?
66
Calculate the highest common divisor of 140 and 59140.
20
Calculate the highest common factor of 285215 and 609.
203
What is the greatest common divisor of 1109 and 1406212?
1109
What is the greatest common divisor of 615 and 991626?
123
Calculate the highest common factor of 8936 and 88.
8
Calculate the greatest common divisor of 17889 and 1608.
201
Calculate the greatest common factor of 15414 and 1008.
42
Calculate the greatest common divisor of 900 and 158.
2
Calculate the greatest common divisor of 387 and 188793.
9
What is the highest common divisor of 136 and 1405016?
136
What is the greatest common divisor of 63494 and 1590?
106
Calculate the greatest common factor of 24 and 44724.
12
Calculate the highest common divisor of 300 and 39120.
60
What is the greatest common divisor of 6144 and 8232?
24
What is the greatest common divisor of 14896 and 1888?
16
Calculate the highest common factor of 463369 and 388.
97
Calculate the greatest common divisor of 99314 and 17.
17
What is the greatest common factor of 16 and 23476?
4
What is the highest common divisor of 141559 and 2992?
187
What is the highest common factor of 51 and 2536689?
51
Calculate the highest common divisor of 340 and 5277310.
170
Calculate the greatest common factor of 3047917 and 167.
167
Calculate the greatest common divisor of 56 and 1367702.
14
What is the greatest common factor of 1836945 and 55?
55
What is the greatest common divisor of 944979 and 714?
357
Calculate the greatest common factor of 496 and 8656.
16
Calculate the highest common divisor of 252858 and 888.
222
Calculate the greatest common factor of 4810 and 750.
10
What is the greatest common divisor of 106533 and 1425?
57
Calculate the greatest common divisor of 2800 and 182.
14
What is the highest common factor of 101605 and 35?
35
Calculate the greatest common divisor of 14 and 153118.
14
What is the greatest common divisor of 16397 and 5073?
19
Calculate the greatest common factor of 547 and 10186781.
547
What is the highest common factor of 15917 and 781?
11
What is the greatest common factor of 11974788 and 732?
732
Calculate the greatest common factor of 221730 and 6270.
570
What is the greatest common divisor of 16170 and 163515?
165
What is the greatest common factor of 54 and 4292460?
54
Calculate the highest common divisor of 168425 and 100.
25
What is the highest common divisor of 28668 and 396?
12
What is the highest common factor of 53990 and 20?
10
Calculate the highest common divisor of 195324 and 120.
12
What is the highest common factor of 1495 and 172960?
115
What is the highest co